r of a and d?
10
Let x = -191 - -242. Calculate the greatest common divisor of x and 119.
17
Suppose -20 = -0*l - l. Suppose -2*r = -5*p - 486, -5 = 2*r - 1. Let n = p + 102. Calculate the highest common factor of n and l.
4
Let w(p) = 3*p**2 + 4*p - 4. Let n be w(-4). Let c = 29 - 24. Suppose 4*y - c*b = 199, 2*y - 3*b = -0*b + 97. Calculate the greatest common factor of n and y.
28
Let o be (-2 - -1)*(-12)/2. Suppose o*x - 856 = -58. Calculate the greatest common factor of x and 19.
19
Let d(f) = -f**3 + 5*f**2 - 5*f + 6. Let r be d(4). Suppose 4*y + r*i - 56 = 0, y + 0*i + 4*i = 0. What is the highest common divisor of 64 and y?
16
Let t(d) = 3*d + 2. Let f be t(4). Let z be (2 + 30/(-9))*-156. Let o = z - 82. What is the highest common divisor of o and f?
14
Suppose 0 = 2*g - g - 5. Suppose -w = 3*d - 210 + 20, 0 = g*d + w - 320. What is the highest common factor of d and 13?
13
Suppose -p + 2 = -2. Let u = -35 - -37. Suppose -3 = -3*n, p*l + u*n - 46 = 4*n. Calculate the greatest common factor of l and 6.
6
Let c = 216 - -252. What is the highest common factor of 36 and c?
36
Let w = -767 - -959. Calculate the highest common divisor of w and 168.
24
Suppose -3*q - 1 = 4*u - 3, 0 = -2*q - 4*u. Suppose -q*v = -4*p + 116, 56 = -4*p - 5*v + 158. Calculate the greatest common divisor of p and 224.
28
Suppose -5*t + 2*f + 72 = 0, 2*t - 2*f - 17 = 7. What is the greatest common divisor of t and 8?
8
Suppose 2*x + 6 = 34. Suppose x = 4*h - 2. Let m be -2 + 1 + -1 - -3. What is the greatest common divisor of h and m?
1
Suppose 0 = -2*m, -3 = 3*s + m - 18. Suppose -5*c + 226 = -c - 3*o, -3*c + 3*o = -171. Suppose c = -12*x + 13*x. What is the highest common divisor of s and x?
5
Let x(z) = 2*z**2 - 12*z - 52. Let g be x(-4). Calculate the highest common factor of 532 and g.
28
Let u(h) = h**2 - 17*h - 44. Let f be u(-3). Calculate the highest common divisor of f and 464.
16
Suppose 3*d - 336 = 84. Calculate the highest common divisor of 14 and d.
14
Suppose f - 1 - 4 = 0. Suppose 0 = -5*w + i + 550, w = 4*w - f*i - 330. What is the greatest common divisor of w and 22?
22
Suppose 12 = 2*r - 5*k, 10*r + 4*k = 5*r + 63. Suppose r*x - 487 = 481. What is the highest common divisor of 8 and x?
8
Let r(m) = -4*m - 1. Let o be r(-5). Suppose 5*i = -c + 229, 51 = -2*c + i + 465. What is the highest common divisor of c and o?
19
Let m(d) = d**3 + 5*d**2 - d - 1. Let v be m(-5). Suppose 2*y = v*q - 8*q + 58, -4*q + 5*y = -23. What is the highest common divisor of 108 and q?
12
Suppose -15 = -4*u - a, 2*u = a + 11 - 2. Suppose 0 = -4*p + d + 16 - 5, p = -u*d + 7. Let k = p - -5. What is the greatest common factor of 2 and k?
2
Let z(c) = c**2 - c - 5. Let b be z(-4). Suppose 27 = j - 0*j + 4*t, 0 = 5*t - b. Suppose -14*k = -j*k + 8. Calculate the highest common factor of 8 and k.
8
Suppose -47*s = -54*s + 189. Let v(h) = 6*h**2 + h + 3. Let n be v(-3). What is the greatest common factor of s and n?
27
Let k be -2 + (-2 - -5) - -5. Let c = 309 + -255. What is the greatest common factor of k and c?
6
Suppose -2*o + 4*k + 46 = o, -4*k - 74 = -5*o. Let l = 5 + -2. Let i = l - -4. What is the greatest common factor of i and o?
7
Let j be (-28)/(-6) + (-8)/12. Let f(w) = 3*w**2. Let i be f(j). Suppose 0 = p + 2*p - i. Calculate the greatest common factor of p and 8.
8
Let q(j) = 2*j**2 - 3*j + 5. Let p(f) = f**2 - 2*f + 2. Let w(r) = -11*p(r) + 6*q(r). Let o be w(-5). What is the highest common factor of o and 143?
13
Suppose 15*a - 13*a = 8. Let n = -179 - -223. Calculate the highest common factor of n and a.
4
Let s = 7 + 17. Suppose 1367*m - 1360*m = 168. What is the greatest common factor of s and m?
24
Let s(p) = -p**2 + 16*p - 22. Let z be s(6). Calculate the greatest common divisor of z and 304.
38
Let r(s) be the first derivative of -s**2 - 16*s - 3. Let k be r(-12). Suppose 5 - k = -q. Calculate the greatest common divisor of 3 and q.
3
Let p(d) = d**3 - 22*d**2 + 40*d + 6. Suppose -u = -4*h + 79, -4*h + u + 19 = -3*h. Let c be p(h). What is the highest common divisor of 30 and c?
6
Let o = -77 - -80. Let h be 6/(-6)*(-81)/o. Calculate the greatest common factor of 81 and h.
27
Suppose 0 = -21*c - 96 + 348. What is the greatest common divisor of 12 and c?
12
Let o = -1 + 3. Let p be (-334)/(-7) + o/7. Let v be (-7)/238*4 - 8168/(-68). What is the greatest common divisor of v and p?
24
Let r(f) = -13*f - 6. Let x be r(-2). Let n(h) = -h**3 + 14*h**2 - 10*h + 1. Let j be n(13). What is the greatest common divisor of j and x?
20
Suppose 10*q - 9116 = 6464. What is the greatest common factor of 38 and q?
38
Let i(v) = -2*v + 3*v - 17 + 5*v - 3*v. Let h be i(7). What is the greatest common factor of 28 and h?
4
Suppose 0 = -r - 48 - 6. Let q be (r/4)/(2 + (-5)/2). Calculate the greatest common divisor of 216 and q.
27
Suppose -4*c + 279 = -169. Suppose 0 = 9*p - 185 - 67. What is the highest common factor of c and p?
28
Let y = 14 + 13. Let t(d) = d**3 + 14*d**2 - 3*d - 19. Let z be t(-13). Calculate the greatest common divisor of z and y.
27
Let i = 306 - 273. Let f(v) = -4*v**3 + v. Let n(k) = -2*k**2 - k. Let t be n(-1). Let x be f(t). What is the highest common divisor of x and i?
3
Suppose 0 = -37*v + 4650 - 1135. What is the greatest common factor of v and 171?
19
Suppose -3*k - 579*t + 584*t = -360, 4*k - 526 = -t. Suppose -13 = -p - 3. What is the greatest common divisor of p and k?
10
Suppose -7*c + 5*c + 103 = x, -3*c + 4*x + 149 = 0. Calculate the greatest common divisor of c and 68.
17
Let k be (1*4/(-12))/((-1)/15). Suppose -4*s = -k - 3. Calculate the greatest common divisor of 3 and s.
1
Let r(l) = -462*l**3 - l**2 - 2*l - 1. Let k be r(-1). Suppose 0*q - k = -2*q. What is the highest common factor of q and 33?
33
Suppose g = -2*g - b + 362, -b - 478 = -4*g. Let u = g - 39. What is the greatest common divisor of 9 and u?
9
Suppose -4*t - 26*l + 29*l + 2068 = 0, -3632 = -7*t + 2*l. What is the highest common factor of t and 39?
13
Let t(s) = -2*s - 6. Let n(u) = u**2 - 4*u - 7. Let v be n(4). Let q be t(v). Calculate the greatest common divisor of 1 and q.
1
Suppose -29*t + 711 = 11*t + 191. Suppose -2*q - 2*i = -128, 3*i = 2*i - 1. What is the highest common factor of t and q?
13
Suppose 3*x - 48 = -3*r, 2*x - 21 = -r - 4. Calculate the greatest common factor of 12 and r.
3
Suppose -3*f + 0*f - 45 = 0. Let r be 5*f/(-50)*32/6. Suppose -3*b + 55 = -161. What is the highest common divisor of r and b?
8
Let y(u) = u**3 - u + 1. Let n be y(0). Let q be (-2)/((-2)/3) - n. Suppose 17 = q*b - 1. Calculate the highest common factor of b and 6.
3
Let d = 34 - 20. Let g = 9 + -14. Let w be ((-12)/g)/(12/560). What is the highest common factor of d and w?
14
Suppose -4*w = -16 - 12. Let p(a) = 8 - 3*a + w + 2 - 14. Let l be p(-3). What is the highest common divisor of 96 and l?
12
Let b = 17583 + -17559. Suppose 5*w - 121 = 114. Let s be w + -2 + -2 + 5. Calculate the highest common factor of b and s.
24
Let f be 15/(-10)*760/(-57). Calculate the greatest common factor of 5 and f.
5
Let d be (-87)/27 + 4/18. Let p = d + 43. Let l be (-62)/(-8) + 3/12. Calculate the greatest common divisor of p and l.
8
Let j = 178 - 158. Suppose 4*y + 3*m + 12 = m, -3*y - m - 9 = 0. Let f be -6*y/(36/j). Calculate the highest common factor of f and 30.
10
Suppose -3*v - 53 = 15*b - 16*b, -3*b + v = -119. Calculate the highest common factor of 171 and b.
19
Suppose -2*p = 2*p. Suppose 29 - 50 = -7*w. Suppose 2*g + 5*x = w, g + 4*g + 3*x - 17 = p. What is the greatest common factor of 1 and g?
1
Suppose -5*c + 881 - 76 = 0. Let j(w) = -154*w - 285. Let t be j(-2). Calculate the highest common divisor of t and c.
23
Let j = -1454 - -2094. Calculate the greatest common divisor of j and 10.
10
Let t = 35 + -35. Suppose t = 5*p + 14 - 64. What is the greatest common factor of p and 100?
10
Let a(q) = 15*q**3 + 1. Let d be a(1). Let n(u) = -u**3 - 54*u**2 + 100*u + 2523. Let f be n(-55). What is the highest common factor of f and d?
16
Let y be (0/5 - 5)*(-25 + -3). Suppose -5*p + 4*i = -156, p + 4*p = 2*i + 148. What is the greatest common divisor of y and p?
28
Suppose -c + 28 = 4*d, -d - 4*c + 7 = -0. Suppose -9*o + d*o = -68. Suppose 3*t = 5*t - o. Calculate the greatest c